{"id":460,"date":"2023-01-30T11:14:52","date_gmt":"2023-01-30T11:14:52","guid":{"rendered":"https:\/\/dinorank.com\/master-seo\/?page_id=460"},"modified":"2023-01-30T11:50:04","modified_gmt":"2023-01-30T11:50:04","slug":"aviso-legal","status":"publish","type":"page","link":"https:\/\/dinorank.com\/master-seo\/aviso-legal\/","title":{"rendered":"Aviso legal"},"content":{"rendered":"\n<div class=\"wp-block-group is-layout-constrained wp-block-group-is-layout-constrained\">\n<div style=\"height:100px\" aria-hidden=\"true\" class=\"wp-block-spacer\"><\/div>\n\n\n\n<h2 class=\"wp-block-heading\"><strong>1. AVISO LEGAL Y T\u00c9RMINOS DE USO<\/strong><\/h2>\n\n\n\n<p>Puedo garantizarte que&nbsp;<strong>te encuentras en un espacio 100 % seguro<\/strong>, por ello, dando cumplimiento con el deber de informaci\u00f3n recogido en art\u00edculo 10 de la Ley 34\/2002, de 11 de julio, de Servicios de la Sociedad de la Informaci\u00f3n y del Comercio Electr\u00f3nico, a continuaci\u00f3n se hace constar:<\/p>\n\n\n\n<h3 class=\"wp-block-heading\">1.1. Datos identificativos del responsable<\/h3>\n\n\n\n<p>Tal y como recoge la Ley 34\/2002, de 11 de julio, de servicios de la sociedad de la informaci\u00f3n y de comercio electr\u00f3nico, le informamos que la herramienta y p\u00e1gina web es creaci\u00f3n y propiedad de:<\/p>\n\n\n\n<p>&#8211;&nbsp;Denominaci\u00f3n social es:Dinosoft Internet Marketing S.L. y Blogger3cero S.L. con CIF B-16788994 y B-88048186, domiciliadas en Madrid,&nbsp;&nbsp;Calle Padilla 74 y Calle Santillana, respectivamente.<\/p>\n\n\n\n<p>&#8211;&nbsp;Inscripci\u00f3n Registral: R. Mercantil de Madrid, Tomo 28460, Libro 0, Folio 170,Secci\u00f3n 8, Hoja M-512446 y Bloger3cero SL en el RM de Madrid, Tomo 37388, folio 84, inscripci\u00f3n 1 con hoja M-666585<\/p>\n\n\n\n<p>&#8211;&nbsp;Email: info@dinorank.com<\/p>\n\n\n\n<h3 class=\"wp-block-heading\">1.2. Finalidad de la p\u00e1gina web.<\/h3>\n\n\n\n<p>Los servicios prestados por el responsable de la p\u00e1gina web son los siguientes:<\/p>\n\n\n\n<p>&#8211;&nbsp;La venta de una herramienta SEO<\/p>\n\n\n\n<p>&#8211;&nbsp;Dirigir su red de afiliados y comerciantes as\u00ed como la gesti\u00f3n de pagos de los mismos.<\/p>\n\n\n\n<h3 class=\"wp-block-heading\">1.3. Usuarios:<\/h3>\n\n\n\n<h3 class=\"wp-block-heading\">&nbsp;<\/h3>\n\n\n\n<p>El acceso y\/o uso de este sitio web atribuye la condici\u00f3n de USUARIO, que acepta, desde dicho acceso y\/o uso,&nbsp;los presentes t\u00e9rminos de uso, no obstante, por el mero uso de la p\u00e1gina web no significa el inicio de relaci\u00f3n laboral\/comercial alguna.<\/p>\n\n\n\n<h3 class=\"wp-block-heading\">1.4. Uso del sitio web y captura de informaci\u00f3n:<\/h3>\n\n\n\n<p><strong>1.4.1 USO DEL SITIO WEB<\/strong><strong><em><\/em><\/strong><\/p>\n\n\n\n<p>La p\u00e1gina web&nbsp;<a href=\"https:\/\/dinorank.com\/\"><strong>https:\/\/dinorank.com<\/strong><\/a>&nbsp;en adelante&nbsp;<strong>(LA WEB)<\/strong>&nbsp;proporciona el acceso a art\u00edculos, informaciones, servicios y datos (en adelante, \u201clos contenidos\u201d) propiedad de Dinosoft Internet Marketing S.L. y Blogger3cero S.L. El USUARIO asume la responsabilidad del uso de la web.<\/p>\n\n\n\n<p>El USUARIO se compromete a hacer un uso adecuado de los contenidos que ofrece a trav\u00e9s de su web y con car\u00e1cter enunciativo pero no limitativo, a no emplearlos para:<\/p>\n\n\n\n<p>(a) incurrir en actividades il\u00edcitas, ilegales o contrarias a la buena fe y al orden p\u00fablico;<\/p>\n\n\n\n<p>(b) difundir contenidos o propaganda de car\u00e1cter racista, xen\u00f3fobo, pornogr\u00e1fico-ilegal, de apolog\u00eda del terrorismo o atentatorio contra los derechos humanos;<\/p>\n\n\n\n<p>(c) provocar da\u00f1os en los sistemas f\u00edsicos y l\u00f3gicos de la web, de sus proveedores o de terceras personas, introducir o difundir en la red virus inform\u00e1ticos o cualesquiera otros sistemas f\u00edsicos o l\u00f3gicos que sean susceptibles de provocar los da\u00f1os anteriormente mencionados;<\/p>\n\n\n\n<p>(d) intentar acceder y, en su caso, utilizar las cuentas de correo electr\u00f3nico de otros usuarios y modificar o manipular sus mensajes.<\/p>\n\n\n\n<p><strong>Dinosoft Internet Marketing S.L. y Blogger3cero S.L..<\/strong>se reserva el derecho de retirar todos aquellos comentarios y aportaciones que vulneren el respeto a la dignidad de la persona, que sean discriminatorios, xen\u00f3fobos, racistas, pornogr\u00e1ficos, que atenten contra la juventud o la infancia, el orden o la seguridad p\u00fablica o que, a su juicio, no resultaran adecuados para su publicaci\u00f3n.<\/p>\n\n\n\n<p>En cualquier caso,&nbsp;<strong>Dinosoft Internet Marketing S.L.y Blogger3cero S.L..<\/strong>&nbsp;no ser\u00e1 responsable de las opiniones vertidas por los usuarios a trav\u00e9s del blog u otras herramientas de participaci\u00f3n que puedan crearse, conforme a lo previsto en la normativa de aplicaci\u00f3n.<\/p>\n\n\n\n<h3 class=\"wp-block-heading\">1.4.2 Captura de informaci\u00f3n<\/h3>\n\n\n\n<p>&#8211; Formulario de contacto, donde el USUARIO deber\u00e1 rellenar el campo de correo electr\u00f3nico, asunto y nombre.<\/p>\n\n\n\n<p>&#8211; Formulario de suscripci\u00f3n, rellenando el USUARIO los campos necesarios para la suscripci\u00f3n a la web con los campos de nombre, y email<\/p>\n\n\n\n<p>&#8211; Formulario de venta, rellenando el USUARIO los campos necesarios para la venta con los campos de nombre, email, direcci\u00f3n y DNI.<\/p>\n\n\n\n<p>&#8211; Cookies de rastreo, conforme a las reglas establecida en nuestra pol\u00edtica de cookies<\/p>\n\n\n\n<p>&#8211; Navegaci\u00f3n y Direcci\u00f3n IP: Al navegar por esta web, el usuario facilita de forma autom\u00e1tica al servidor de la web informaci\u00f3n relativa a tu direcci\u00f3n IP, fecha y hora de acceso, el hiperv\u00ednculo que le ha reenviado a \u00e9stas, tu sistema operativo y el navegador utilizado.<\/p>\n\n\n\n<p>En todo caso&nbsp;<strong>Dinosoft Internet Marketing S.L.y Blogger3cero S.L..<\/strong>&nbsp;se reserva el derecho de modificar, en cualquier momento y sin necesidad de previo aviso, la presentaci\u00f3n y configuraci\u00f3n de la web&nbsp;<strong>https:\/\/dinorank.com<\/strong>como el presente aviso legal.<\/p>\n\n\n\n<h2 class=\"wp-block-heading\">&nbsp;<\/h2>\n\n\n\n<h2 class=\"wp-block-heading\"><strong>2. PROPIEDAD INTELECTUAL E INDUSTRIAL:<\/strong><\/h2>\n\n\n\n<p><strong>Dinosoft Internet Marketing S.L. y Blogger3cero S.L..<\/strong>por s\u00ed o como cesionario, es titular de todos los derechos de propiedad intelectual e industrial de su p\u00e1gina web, as\u00ed como de los elementos contenidos en la misma (a t\u00edtulo enunciativo, im\u00e1genes, sonido, audio, v\u00eddeo, software o textos; marcas o logotipos, combinaciones de colores, estructura y dise\u00f1o, selecci\u00f3n de materiales usados, programas de ordenador necesarios para su funcionamiento, acceso y uso, etc.), titularidad de<strong>Dinosoft Internet Marketing S.L y Blogger3cero S.L..<\/strong>o bien de sus licenciantes. Todos los derechos reservados.<\/p>\n\n\n\n<p>Cualquier uso no autorizado previamente por&nbsp;<strong>Dinosoft Internet Marketing S.L y Blogger3cero S.L..<\/strong>ser\u00e1 considerado un incumplimiento grave de los derechos de propiedad intelectual o industrial del autor.<\/p>\n\n\n\n<p>Quedan expresamente prohibidas la reproducci\u00f3n, la distribuci\u00f3n y la comunicaci\u00f3n p\u00fablica, incluida su modalidad de puesta a disposici\u00f3n, de la totalidad o parte de los contenidos de esta p\u00e1gina web, con fines comerciales, en cualquier soporte y por cualquier medio t\u00e9cnico, sin la autorizaci\u00f3n de&nbsp;<strong>Dinosoft Internet Marketing S.L.y Blogger3cero S.L..<\/strong>.<\/p>\n\n\n\n<p>El USUARIO se compromete a respetar los derechos de Propiedad Intelectual e Industrial titularidad de<strong>Dinosoft Internet Marketing S.L. y Blogger3cero S.L..<\/strong>. Podr\u00e1 visualizar \u00fanicamente los elementos de la web sin posibilidad de imprimirlos, copiarlos o almacenarlos en el disco duro de su ordenador o en cualquier otro soporte f\u00edsico. El USUARIO deber\u00e1 abstenerse de suprimir, alterar, eludir o manipular cualquier dispositivo de protecci\u00f3n o sistema de seguridad que estuviera instalado en las p\u00e1ginas de&nbsp;<strong>Dinosoft Internet Marketing S.L y Blogger3cero S.L..<\/strong>.<\/p>\n\n\n\n<p>Queda terminantemente prohibido compartir la licencia para uso con m\u00e1s personas,&nbsp;<strong>cada licencia es personal e intransferible reserv\u00e1ndonos cuantas acciones civiles y penales nos asistan en aras de salvaguardar nuestros derechos<\/strong>, todo ello bajo apercibimiento de incurrir en un delito contra la propiedad intelectual del art. 270 y ss del C\u00f3digo Penal con penas de prisi\u00f3n de hasta 4 a\u00f1os.<\/p>\n\n\n\n<p><strong>3. EXCLUSI\u00d3N DE GARANT\u00cdAS Y RESPONSABILIDAD<\/strong><strong><\/strong><\/p>\n\n\n\n<p><strong>Dinosoft Internet Marketing S.L. y Blogger3cero S.L..<\/strong>no se hacen responsables, en ning\u00fan caso, de los da\u00f1os y perjuicios de cualquier naturaleza que pudieran ocasionar, a t\u00edtulo enunciativo: por errores u omisiones en los contenidos, por falta de disponibilidad del sitio web, \u2013 el cual realizar\u00e1 paradas peri\u00f3dicas por mantenimientos t\u00e9cnicos \u2013 as\u00ed como por la transmisi\u00f3n de virus o programas maliciosos o lesivos en los contenidos, a pesar de haber adoptado todas las medidas tecnol\u00f3gicas necesarias para evitarlo.<\/p>\n\n\n\n<p><strong>4. MODIFICACIONES<\/strong><strong><\/strong><\/p>\n\n\n\n<p><strong>Dinosoft Internet Marketing S.L. y Blogger3cero S.L..<\/strong>se reservan el derecho de efectuar sin previo aviso las modificaciones que considere oportunas en su web, pudiendo cambiar, suprimir o a\u00f1adir tanto los contenidos y servicios que se presten a trav\u00e9s de la misma como la forma en la que \u00e9stos aparezcan presentados o localizados en su web.<\/p>\n\n\n\n<h2 class=\"wp-block-heading\"><strong>5. POL\u00cdTICA DE ENLACES<\/strong><\/h2>\n\n\n\n<p>Las personas o entidades que pretendan realizar o realicen un hiperenlace desde una p\u00e1gina web de otro portal de Internet a la web de&nbsp;<strong>Dinosoft Internet Marketing S.L. y Blogger3cero S.L..<\/strong>deber\u00e1 someterse las siguientes condiciones:<\/p>\n\n\n\n<p>\u2013 No se permite la reproducci\u00f3n total o parcial de ninguno de los servicios ni contenidos del sitio web sin la previa autorizaci\u00f3n expresa de&nbsp;<strong>Dinosoft Internet Marketing S.L. y Blogger3cero S.L&#8230;<\/strong><\/p>\n\n\n\n<p>\u2013 No se establecer\u00e1n deep-links ni enlaces IMG o de imagen, ni frames con la web de&nbsp;<strong>Dinosoft Internet Marketing S.L. y Blogger3cero S.L..<\/strong>sin su previa autorizaci\u00f3n expresa.<\/p>\n\n\n\n<p>\u2013 No se establecer\u00e1 ninguna manifestaci\u00f3n falsa, inexacta o incorrecta sobre la web de&nbsp;<strong>Dinosoft Internet Marketing S.L.y Blogger3cero S.L..<\/strong>, ni sobre los servicios o contenidos de la misma. Salvo aquellos signos que formen parte del hiperv\u00ednculo, la p\u00e1gina web en la que se establezca no contendr\u00e1 ninguna marca, nombre comercial, r\u00f3tulo de establecimiento, denominaci\u00f3n, logotipo, eslogan u otros signos distintivos pertenecientes a&nbsp;<strong>Dinosoft Internet Marketing S.L. y Blogger3cero S.L..<\/strong>, salvo autorizaci\u00f3n expresa de \u00e9ste.<\/p>\n\n\n\n<p>\u2013 El establecimiento del hiperv\u00ednculo no implicar\u00e1 la existencia de relaciones entre&nbsp;<strong>Dinosoft Internet Marketing S.L.y Blogger3cero S.L..<\/strong>y el titular de la p\u00e1gina web o del portal desde el cual se realice, ni el conocimiento y aceptaci\u00f3n de&nbsp;<strong>Dinosoft Internet Marketing S.L. y Blogger3cero S.L..<\/strong>de los servicios y contenidos ofrecidos en dicha p\u00e1gina web o portal.<\/p>\n\n\n\n<p>\u2013&nbsp;<strong>Dinosoft Internet Marketing S.L. y Blogger3cero S.L..<\/strong>no ser\u00e1 responsable de los contenidos o servicios puestos a disposici\u00f3n del p\u00fablico en la p\u00e1gina web o portal desde el cual se realice el hiperv\u00ednculo, ni de las informaciones y manifestaciones incluidas en los mismos.<\/p>\n\n\n\n<p>El sitio web de&nbsp;<strong>Dinosoft Internet Marketing S.L.y Blogger3cero S.L..<\/strong>puede poner a disposici\u00f3n del usuario conexiones y enlaces a otros sitios web gestionados y controlados por terceros. Dichos enlaces tienen como exclusiva funci\u00f3n, la de facilitar a los usuarios la b\u00fasqueda de informaci\u00f3n, contenidos y servicios en Internet, sin que en ning\u00fan caso pueda considerarse una sugerencia, recomendaci\u00f3n o invitaci\u00f3n para la visita de los mismos.<\/p>\n\n\n\n<p><strong>Dinosoft Internet Marketing S.L. y Blogger3cero S.L..<\/strong>no comercializa, ni dirige, ni controla previamente, ni hace propios los contenidos, servicios, informaciones y manifestaciones disponibles en dichos sitios web.<\/p>\n\n\n\n<p><strong>Dinosoft Internet Marketing S.L. y Blogger3cero S.L..<\/strong>no asume ning\u00fan tipo de responsabilidad, ni siquiera de forma indirecta o subsidiaria, por los da\u00f1os y perjuicios de toda clase que pudieran derivarse del acceso, mantenimiento, uso, calidad, licitud, fiabilidad y utilidad de los contenidos, informaciones, comunicaciones, opiniones, manifestaciones, productos y servicios existentes u ofrecidos en los sitios web no gestionados por&nbsp;<strong>Dinosoft Internet Marketing S.L. y Blogger3cero S.L..<\/strong>y que resulten accesibles a trav\u00e9s de<strong>Dinosoft Internet Marketing S.L. y Blogger3cero S.L..<\/strong><\/p>\n\n\n\n<p><strong>6. DERECHO DE EXCLUSI\u00d3N<\/strong><\/p>\n\n\n\n<p><strong>Dinosoft Internet Marketing S.L. y Blogger3cero S.L..<\/strong>se reservan el derecho a denegar o retirar el acceso al portal y\/o los servicios ofrecidos sin necesidad de preaviso, a instancia propia o de un tercero, a aquellos usuarios que incumplan las presentes Condiciones Generales de Uso.<\/p>\n\n\n\n<h2 class=\"wp-block-heading\"><strong>&nbsp;<\/strong><\/h2>\n\n\n\n<h2 class=\"wp-block-heading\"><strong>7. GENERALIDADES<\/strong><\/h2>\n\n\n\n<p><strong>Dinosoft Internet Marketing S.L. y Blogger3cero S.L..<\/strong>perseguir\u00e1n el incumplimiento de las presentes condiciones as\u00ed como cualquier utilizaci\u00f3n indebida de su web ejerciendo todas las acciones civiles y penales que le puedan corresponder en derecho.<\/p>\n\n\n\n<p><strong>8. MODIFICACI\u00d3N DE LAS PRESENTES CONDICIONES Y DURACI\u00d3N<\/strong><\/p>\n\n\n\n<p><strong>Dinosoft Internet Marketing S.L. y Blogger3cero S.L..<\/strong>podr\u00e1n modificar en cualquier momento las condiciones aqu\u00ed determinadas, siendo debidamente publicadas como aqu\u00ed aparecen. La vigencia de las citadas condiciones ir\u00e1 en funci\u00f3n de su exposici\u00f3n y estar\u00e1n vigentes hasta que sean modificadas por otras debidamente publicadas.<\/p>\n\n\n\n<h2 class=\"wp-block-heading\"><strong>9. RECLAMACIONES Y DUDAS<\/strong><\/h2>\n\n\n\n<p><strong>Dinosoft Internet Marketing S.L. y Blogger3cero S.L..<\/strong>informa que existen hojas de reclamaci\u00f3n a disposici\u00f3n de usuarios y clientes pudiendo remitir un correo a info@dinorank.com indicando su nombre y apellidos, el servicio o producto adquirido y exponiendo los motivos de su reclamaci\u00f3n.<\/p>\n\n\n\n<p>Tambi\u00e9n puede dirigir su reclamaci\u00f3n por correo postal dirigido a:&nbsp;<strong>Dinosoft Internet Marketing S.L. en Calle Padilla 74<\/strong>.<\/p>\n\n\n\n<h2 class=\"wp-block-heading\"><strong>10. LEGISLACI\u00d3N APLICABLE Y JURISDICCI\u00d3N<\/strong><strong><\/strong><\/h2>\n\n\n\n<p>La relaci\u00f3n entre los propietariosy el USUARIO se regir\u00e1 por la normativa espa\u00f1ola vigente y cualquier controversia se someter\u00e1 a los Juzgados y tribunales de la ciudad de Madrid, salvo que la Ley aplicable disponga otra cosa.<\/p>\n\n\n\n<div style=\"height:100px\" aria-hidden=\"true\" class=\"wp-block-spacer\"><\/div>\n<\/div>\n","protected":false},"excerpt":{"rendered":"<p>1. AVISO LEGAL Y T\u00c9RMINOS DE USO Puedo garantizarte que&nbsp;te encuentras en un espacio 100 % seguro, por ello, dando cumplimiento con el deber de informaci\u00f3n recogido en art\u00edculo 10 de la Ley 34\/2002, de 11 de julio, de Servicios de la Sociedad de la Informaci\u00f3n y del Comercio Electr\u00f3nico, a continuaci\u00f3n se hace constar: [&hellip;]<\/p>\n","protected":false},"author":1,"featured_media":0,"parent":0,"menu_order":0,"comment_status":"closed","ping_status":"closed","template":"","meta":{"_acf_changed":false,"inline_featured_image":false,"footnotes":""},"class_list":["post-460","page","type-page","status-publish","hentry"],"acf":[],"yoast_head":"<!-- This site is optimized with the Yoast SEO plugin v27.0 - https:\/\/yoast.com\/product\/yoast-seo-wordpress\/ -->\n<title>Aviso legal<\/title>\n<meta name=\"robots\" content=\"noindex, nofollow\" \/>\n<meta property=\"og:locale\" content=\"es_ES\" \/>\n<meta property=\"og:type\" content=\"article\" \/>\n<meta property=\"og:title\" content=\"Aviso legal\" \/>\n<meta property=\"og:description\" content=\"1. AVISO LEGAL Y T\u00c9RMINOS DE USO Puedo garantizarte que&nbsp;te encuentras en un espacio 100 % seguro, por ello, dando cumplimiento con el deber de informaci\u00f3n recogido en art\u00edculo 10 de la Ley 34\/2002, de 11 de julio, de Servicios de la Sociedad de la Informaci\u00f3n y del Comercio Electr\u00f3nico, a continuaci\u00f3n se hace constar: [&hellip;]\" \/>\n<meta property=\"og:url\" content=\"https:\/\/dinorank.com\/master-seo\/aviso-legal\/\" \/>\n<meta property=\"og:site_name\" content=\"M\u00e1ster en SEO y posicionamiento de buscadores\" \/>\n<meta property=\"article:modified_time\" content=\"2023-01-30T11:50:04+00:00\" \/>\n<meta property=\"og:image\" content=\"https:\/\/dinorank.com\/master-seo\/wp-content\/uploads\/2023\/09\/fernando-macia-human-level-2.webp\" \/>\n\t<meta property=\"og:image:width\" content=\"1920\" \/>\n\t<meta property=\"og:image:height\" content=\"1080\" \/>\n\t<meta property=\"og:image:type\" content=\"image\/webp\" \/>\n<meta name=\"twitter:card\" content=\"summary_large_image\" \/>\n<meta name=\"twitter:label1\" content=\"Tiempo de lectura\" \/>\n\t<meta name=\"twitter:data1\" content=\"9 minutos\" \/>\n<script type=\"application\/ld+json\" class=\"yoast-schema-graph\">{\"@context\":\"https:\/\/schema.org\",\"@graph\":[{\"@type\":\"WebPage\",\"@id\":\"https:\/\/dinorank.com\/master-seo\/aviso-legal\/\",\"url\":\"https:\/\/dinorank.com\/master-seo\/aviso-legal\/\",\"name\":\"Aviso legal\",\"isPartOf\":{\"@id\":\"https:\/\/dinorank.com\/master-seo\/#website\"},\"datePublished\":\"2023-01-30T11:14:52+00:00\",\"dateModified\":\"2023-01-30T11:50:04+00:00\",\"breadcrumb\":{\"@id\":\"https:\/\/dinorank.com\/master-seo\/aviso-legal\/#breadcrumb\"},\"inLanguage\":\"es\",\"potentialAction\":[{\"@type\":\"ReadAction\",\"target\":[\"https:\/\/dinorank.com\/master-seo\/aviso-legal\/\"]}]},{\"@type\":\"BreadcrumbList\",\"@id\":\"https:\/\/dinorank.com\/master-seo\/aviso-legal\/#breadcrumb\",\"itemListElement\":[{\"@type\":\"ListItem\",\"position\":1,\"name\":\"Home\",\"item\":\"https:\/\/dinorank.com\/master-seo\/\"},{\"@type\":\"ListItem\",\"position\":2,\"name\":\"Aviso legal\"}]},{\"@type\":\"WebSite\",\"@id\":\"https:\/\/dinorank.com\/master-seo\/#website\",\"url\":\"https:\/\/dinorank.com\/master-seo\/\",\"name\":\"M\u00e1ster en SEO y posicionamiento de buscadores\",\"description\":\"M\u00e1ster de SEO en directo. M\u00e1s de 25 profesores s\u00e9nior \u00e9lite\",\"publisher\":{\"@id\":\"https:\/\/dinorank.com\/master-seo\/#organization\"},\"potentialAction\":[{\"@type\":\"SearchAction\",\"target\":{\"@type\":\"EntryPoint\",\"urlTemplate\":\"https:\/\/dinorank.com\/master-seo\/?s={search_term_string}\"},\"query-input\":{\"@type\":\"PropertyValueSpecification\",\"valueRequired\":true,\"valueName\":\"search_term_string\"}}],\"inLanguage\":\"es\"},{\"@type\":\"Organization\",\"@id\":\"https:\/\/dinorank.com\/master-seo\/#organization\",\"name\":\"DinoRANK\",\"alternateName\":\"M\u00e1ster SEO de DinoRANK\",\"url\":\"https:\/\/dinorank.com\/master-seo\/\",\"logo\":{\"@type\":\"ImageObject\",\"inLanguage\":\"es\",\"@id\":\"https:\/\/dinorank.com\/master-seo\/#\/schema\/logo\/image\/\",\"url\":\"https:\/\/dinorank.com\/master-seo\/wp-content\/uploads\/2023\/01\/logo-h-2.png\",\"contentUrl\":\"https:\/\/dinorank.com\/master-seo\/wp-content\/uploads\/2023\/01\/logo-h-2.png\",\"width\":800,\"height\":236,\"caption\":\"DinoRANK\"},\"image\":{\"@id\":\"https:\/\/dinorank.com\/master-seo\/#\/schema\/logo\/image\/\"}}]}<\/script>\n<!-- \/ Yoast SEO plugin. -->","yoast_head_json":{"title":"Aviso legal","robots":{"index":"noindex","follow":"nofollow"},"og_locale":"es_ES","og_type":"article","og_title":"Aviso legal","og_description":"1. AVISO LEGAL Y T\u00c9RMINOS DE USO Puedo garantizarte que&nbsp;te encuentras en un espacio 100 % seguro, por ello, dando cumplimiento con el deber de informaci\u00f3n recogido en art\u00edculo 10 de la Ley 34\/2002, de 11 de julio, de Servicios de la Sociedad de la Informaci\u00f3n y del Comercio Electr\u00f3nico, a continuaci\u00f3n se hace constar: [&hellip;]","og_url":"https:\/\/dinorank.com\/master-seo\/aviso-legal\/","og_site_name":"M\u00e1ster en SEO y posicionamiento de buscadores","article_modified_time":"2023-01-30T11:50:04+00:00","og_image":[{"width":1920,"height":1080,"url":"https:\/\/dinorank.com\/master-seo\/wp-content\/uploads\/2023\/09\/fernando-macia-human-level-2.webp","type":"image\/webp"}],"twitter_card":"summary_large_image","twitter_misc":{"Tiempo de lectura":"9 minutos"},"schema":{"@context":"https:\/\/schema.org","@graph":[{"@type":"WebPage","@id":"https:\/\/dinorank.com\/master-seo\/aviso-legal\/","url":"https:\/\/dinorank.com\/master-seo\/aviso-legal\/","name":"Aviso legal","isPartOf":{"@id":"https:\/\/dinorank.com\/master-seo\/#website"},"datePublished":"2023-01-30T11:14:52+00:00","dateModified":"2023-01-30T11:50:04+00:00","breadcrumb":{"@id":"https:\/\/dinorank.com\/master-seo\/aviso-legal\/#breadcrumb"},"inLanguage":"es","potentialAction":[{"@type":"ReadAction","target":["https:\/\/dinorank.com\/master-seo\/aviso-legal\/"]}]},{"@type":"BreadcrumbList","@id":"https:\/\/dinorank.com\/master-seo\/aviso-legal\/#breadcrumb","itemListElement":[{"@type":"ListItem","position":1,"name":"Home","item":"https:\/\/dinorank.com\/master-seo\/"},{"@type":"ListItem","position":2,"name":"Aviso legal"}]},{"@type":"WebSite","@id":"https:\/\/dinorank.com\/master-seo\/#website","url":"https:\/\/dinorank.com\/master-seo\/","name":"M\u00e1ster en SEO y posicionamiento de buscadores","description":"M\u00e1ster de SEO en directo. M\u00e1s de 25 profesores s\u00e9nior \u00e9lite","publisher":{"@id":"https:\/\/dinorank.com\/master-seo\/#organization"},"potentialAction":[{"@type":"SearchAction","target":{"@type":"EntryPoint","urlTemplate":"https:\/\/dinorank.com\/master-seo\/?s={search_term_string}"},"query-input":{"@type":"PropertyValueSpecification","valueRequired":true,"valueName":"search_term_string"}}],"inLanguage":"es"},{"@type":"Organization","@id":"https:\/\/dinorank.com\/master-seo\/#organization","name":"DinoRANK","alternateName":"M\u00e1ster SEO de DinoRANK","url":"https:\/\/dinorank.com\/master-seo\/","logo":{"@type":"ImageObject","inLanguage":"es","@id":"https:\/\/dinorank.com\/master-seo\/#\/schema\/logo\/image\/","url":"https:\/\/dinorank.com\/master-seo\/wp-content\/uploads\/2023\/01\/logo-h-2.png","contentUrl":"https:\/\/dinorank.com\/master-seo\/wp-content\/uploads\/2023\/01\/logo-h-2.png","width":800,"height":236,"caption":"DinoRANK"},"image":{"@id":"https:\/\/dinorank.com\/master-seo\/#\/schema\/logo\/image\/"}}]}},"_links":{"self":[{"href":"https:\/\/dinorank.com\/master-seo\/wp-json\/wp\/v2\/pages\/460","targetHints":{"allow":["GET"]}}],"collection":[{"href":"https:\/\/dinorank.com\/master-seo\/wp-json\/wp\/v2\/pages"}],"about":[{"href":"https:\/\/dinorank.com\/master-seo\/wp-json\/wp\/v2\/types\/page"}],"author":[{"embeddable":true,"href":"https:\/\/dinorank.com\/master-seo\/wp-json\/wp\/v2\/users\/1"}],"replies":[{"embeddable":true,"href":"https:\/\/dinorank.com\/master-seo\/wp-json\/wp\/v2\/comments?post=460"}],"version-history":[{"count":0,"href":"https:\/\/dinorank.com\/master-seo\/wp-json\/wp\/v2\/pages\/460\/revisions"}],"wp:attachment":[{"href":"https:\/\/dinorank.com\/master-seo\/wp-json\/wp\/v2\/media?parent=460"}],"curies":[{"name":"wp","href":"https:\/\/api.w.org\/{rel}","templated":true}]}}